2
What is the hundred thousands digit of 266993657?
9
What is the ten thousands digit of 3555433526?
3
What is the ten millions digit of 131885858?
3
What is the tens digit of 25316424?
2
What is the ten thousands digit of 2891429026?
2
What is the hundred millions digit of 520354291?
5
What is the units digit of 768768573?
3
What is the ten millions digit of 186625262?
8
What is the ten thousands digit of 46330657?
3
What is the millions digit of 50026006?
0
What is the hundred thousands digit of 486269760?
2
What is the ten millions digit of 1281762644?
8
What is the tens digit of 308676249?
4
What is the hundred millions digit of 323404101?
3
What is the units digit of 1391294391?
1
What is the units digit of 45781424?
4
What is the ten thousands digit of 92357091?
5
What is the ten millions digit of 16787800?
1
What is the units digit of 91433385?
5
What is the hundred millions digit of 7089573523?
0
What is the hundreds digit of 141106896?
8
What is the tens digit of 791631911?
1
What is the ten thousands digit of 249300835?
0
What is the thousands digit of 31517948?
7
What is the ten thousands digit of 114655976?
5
What is the hundred thousands digit of 54992897?
9
What is the tens digit of 216225268?
6
What is the hundreds digit of 353412157?
1
What is the thousands digit of 3638510040?
0
What is the thousands digit of 56810796?
0
What is the hundred thousands digit of 993819671?
8
What is the hundreds digit of 158007835?
8
What is the ten millions digit of 21790114?
2
What is the tens digit of 2604586603?
0
What is the tens digit of 82769958?
5
What is the hundred thousands digit of 32567461?
5
What is the thousands digit of 48511791?
1
What is the millions digit of 109177133?
9
What is the hundred thousands digit of 98732490?
7
What is the ten thousands digit of 199200196?
0
What is the tens digit of 182443710?
1
What is the millions digit of 181163557?
1
What is the tens digit of 298213215?
1
What is the hundred millions digit of 634603012?
6
What is the tens digit of 11452865?
6
What is the ten millions digit of 90498560?
9
What is the hundred thousands digit of 87003766?
0
What is the units digit of 321861884?
4
What is the hundreds digit of 100328232?
2
What is the hundreds digit of 31038877?
8
What is the millions digit of 6891341?
6
What is the tens digit of 87088381?
8
What is the hundred millions digit of 116027528?
1
What is the hundred thousands digit of 3231572997?
5
What is the ten millions digit of 24540016?
2
What is the hundred millions digit of 365452838?
3
What is the hundred thousands digit of 253549959?
5
What is the ten thousands digit of 33200583?
0
What is the thousands digit of 268873247?
3
What is the ten thousands digit of 906458823?
5
What is the ten millions digit of 1444142549?
4
What is the hundreds digit of 3232018?
0
What is the millions digit of 61552184?
1
What is the tens digit of 473969495?
9
What is the billions digit of 3554884191?
3
What is the hundreds digit of 49808023?
0
What is the hundred thousands digit of 220388018?
3
What is the hundreds digit of 4006668278?
2
What is the ten millions digit of 4456889067?
5
What is the hundred millions digit of 175809881?
1
What is the ten millions digit of 700185059?
0
What is the thousands digit of 63282419?
2
What is the hundreds digit of 18455844?
8
What is the tens digit of 82429163?
6
What is the hundred thousands digit of 30883907?
8
What is the ten thousands digit of 74137965?
3
What is the ten thousands digit of 13335729?
3
What is the hundred millions digit of 3280467391?
2
What is the hundreds digit of 143148599?
5
What is the hundred thousands digit of 33851386?
8
What is the hundred thousands digit of 883475238?
4
What is the hundred thousands digit of 3208316648?
3
What is the units digit of 150283963?
3
What is the hundred thousands digit of 71134157?
1
What is the hundred millions digit of 819753147?
8
What is the hundred thousands digit of 133221255?
2
What is the hundred thousands digit of 55908309?
9
What is the millions digit of 102623866?
2
What is the hundred thousands digit of 13380059?
3
What is the hundred millions digit of 3695336499?
6
What is the tens digit of 1455629119?
1
What is the thousands digit of 8593179?
3
What is the hundreds digit of 81944222?
2
What is the millions digit of 2322380711?
2
What is the units digit of 108224183?
3
What is the hundred thousands digit of 199341945?
3
What is the hundreds digit of 98479075?
0
What is the units digit of 1210063342?
2
What is the hundred millions digit of 1328258993?
3
What is the hundred thousands digit of 1033714586?
7
What is the units digit of 1263366630?
0
What is the thousands digit of 231105691?
5
What is the tens digit of 3320494895?
9
What is the ten thousands digit of 12944082?
4
What is the units digit of 95728769?
9
What is the ten millions digit of 1612287918?
1
What is the ten thousands digit of 108270208?
7
What is the thousands digit of 1396741?
6
What is the hundred millions digit of 1268006612?
2
What is the hundred thousands digit of 638789818?
7
What is the hundred thousands digit of 4044565014?
5
What is the hundred thousands digit of 721210699?
2
What is the millions digit of 369904504?
9
What is the hundred millions digit of 207592076?
2
What is the hundreds digit of 53581625?
6
What is the ten thousands digit of 7804842914?
4
What is the units digit of 102192305?
5
What is the hundred millions digit of 478534342?
4
What is the millions digit of 218634951?
8
What is the hundreds digit of 4432840?
8
What is the hundred thousands digit of 205820658?
8
What is the hundred thousands digit of 21245635?
2
What is the tens digit of 50055349?
4
What is the hundred millions digit of 520123350?
5
What is the units digit of 1964573421?
1
What is the hundreds digit of 1282642538?
5
What is the millions digit of 313223020?
3
What is the hundreds digit of 238782078?
0
What is the tens digit of 288669958?
5
What is the thousands digit of 95443408?
3
What is the millions digit of 31511340?
1
What is the hundred millions digit of 562853285?
5
What is the thousands digit of 2330350702?
0
What is the ten millions digit of 512544607?
1
What is the thousands digit of 11954782?
4
What is the ten millions digit of 71158534?
7
What is the ten millions digit of 1102692464?
0
What is the thousands digit of 728400761?
0
What is the ten millions digit of 42561968?
4
What is the ten millions digit of 53332800?
5
What is the millions digit of 347780323?
7
What is the billions digit of 1023825085?
1
What is the units digit of 3320147058?
8
What is the tens digit of 2049553710?
1
What is the hundreds digit of 103780105?
1
What is the ten millions digit of 377897969?
7
What is the ten thousands digit of 391557091?
5
What is the hundreds digit of 276237729?
7
What is the units digit of 36150452?
2
What is the tens digit of 5105540532?
3
What is the tens digit of 6443230166?
6
What is the hundreds digit of 50889128?
1
What is the ten thousands digit of 78445547?
4
What is the units digit of 102755491?
1
What is the hundred millions digit of 849412283?
8
What is the ten millions digit of 89692439?
8
What is the ten millions digit of 34555193?
3
What is the thousands digit of 59026760?
6
What is the billions digit of 3239173902?
3
What is the hundred millions digit of 4158510035?
1
What is the tens digit of 394418060?
6
What is the hundreds digit of 2208424443?
4
What is the ten thousands digit of 55911477?
1
What is the millions digit of 41424335?
1
What is the hundred thousands digit of 323490402?
4
What is the thousands digit of 3188355?
8
What is the hundred thousands digit of 121824563?
8
What is the millions digit of 24321092?
4
What is the billions digit of 7309238441?
7
What is the ten millions digit of 162117638?
6
What is the hundred thousands digit of 4034105312?
1
What is the millions digit of 3284497729?
4
What is the ten millions digit of 40568217?
4
What is the hundreds digit of 7653706913?
9
What is the hundred millions digit of 650719071?
6
What is the billions digit of 1953195500?
1
What is the ten thousands digit of 1511891684?
9
What is the hundreds digit of 40558013?
0
What is the thousands digit of 1360562998?
2
What is the millions digit of 2161703243?
1
What is